6*n = -f*n + v - 73. What is the units digit of n?
3
Let n(x) = x**3 + 3*x**2 - 3*x - 2. Let r be n(-4). What is the units digit of (r + 5)/(-2 - -1)?
1
Suppose 3*g - 4 = -5*w + 118, -5*w - 172 = -3*g. What is the tens digit of g?
4
Suppose 3*n + 8 = 5*n. Let h = 7 - n. Suppose -h*j + 34 = -2. What is the units digit of j?
2
Let d = -2 - -2. Suppose -3*q + 14 - 2 = d. Suppose 4 = q*j - 0*j. What is the units digit of j?
1
What is the tens digit of (-4)/(-28) - (-446)/14?
3
Let m(x) = -3 - 2*x + x - 3. Let r be m(0). What is the units digit of 4/12 + (-4)/r?
1
Suppose r - 52 = 4*c, -128 = -3*r - c + 6*c. What is the tens digit of r?
3
Let j be (2 - 5)*(-35)/3. Suppose -y = 4*y - j. What is the units digit of y?
7
Let o be -3*-1*(-2)/(-6). Suppose 6 = 4*c - 6. What is the units digit of o*c/3 + 8?
9
Suppose s - 3 = -1. Suppose -s*i = -3*u + 47, 5*u + 0*u - 4*i = 77. What is the tens digit of u?
1
Let x(o) be the third derivative of o**5/60 - o**4/6 + 5*o**3/6 - 6*o**2. What is the units digit of x(4)?
5
Suppose 340 = -0*d + 5*d. What is the units digit of d?
8
Let n be (-92)/1*(-12)/3. Let w be (-4)/(-14) + n/(-14). Let j = -9 - w. What is the units digit of j?
7
Let w(g) = g**2 + 10*g - 12. Suppose -2*l + 9 = l, -2*l + 18 = -f. What is the units digit of w(f)?
2
Let i = -22 + 16. Let c(m) be the second derivative of m**5/20 + m**4/2 - m**3/3 - m**2/2 - 2*m. What is the units digit of c(i)?
1
Suppose -3*b + 214 = 5*p, -7*p - 332 = -4*b - 2*p. Let t = -55 + b. What is the tens digit of t?
2
Let m(z) = -z**3 + 3*z**2 - z + 3. Let x be m(3). Suppose -3*s - 15 = -2*o + 9, 0 = -3*o - 3*s + 6. Suppose -b + 2 + o = x. What is the units digit of b?
8
Suppose -2*g - 6*f = -f - 50, 3*g = -5*f + 85. What is the units digit of g?
5
Suppose -4*a + 9*a - 20 = -4*z, 0 = a + 5*z - 25. Suppose -2 = -o - a. What is the units digit of o?
2
Let n be 54/10 - (-3)/5. Let x = -2 + n. What is the units digit of x?
4
Suppose -5*r + 4*l + 26 = 0, 2*r + 5*l + 24 = 4*r. Suppose -4*v = -8*v + 5*o + 3, 0 = -2*o + r. What is the units digit of v?
2
Let i(r) be the third derivative of 4*r**2 + 1/6*r**3 + 0 + 5/8*r**4 + 0*r. What is the tens digit of i(1)?
1
Let l = -36 + 49. What is the units digit of l?
3
Let y = 3 - 3. Let j(t) = -t**3 + 4*t**2 + 4*t + 5. Let n be j(5). What is the units digit of n/(-2) - (-2 + y)?
2
Suppose 34 = -0*a + 2*a + 5*u, -u = -4. Suppose -n - 2*v + a = -7*v, 2*n - 25 = -v. What is the tens digit of n?
1
Suppose -71 - 56 = -p. What is the hundreds digit of p?
1
Suppose 5*p = c - 2*c + 27, -3*c - 33 = -4*p. Let q be (-1)/(-4) + (-398)/(-8). Suppose 4*s - p - q = 0. What is the tens digit of s?
1
Suppose -2*p + p + 19 = 0. What is the units digit of p?
9
Let v = 6 - -8. Suppose -4*d + v = -3*d. What is the tens digit of d?
1
Let y be (-3 + (2 - -1))*1. Suppose x + x - 14 = y. What is the units digit of x?
7
Let f(a) = a**2 - 4*a + 4. Let k be f(4). Suppose -k*n + 1 = -s, -4*n = -5*s - 36 + 95. What is the tens digit of s?
1
Let z(h) = h**3 + 4*h**2 - 6*h + 7. Let f = -13 - -19. Suppose -c + 1 = -4*a - f, -c - 3*a = 14. What is the units digit of z(c)?
2
Suppose -2*j = 25 - 73. Suppose 0 = 4*m - 68 - j. What is the units digit of m?
3
Let f(y) = -y**3 + 7*y**2 + 8*y - 9. What is the units digit of f(7)?
7
Suppose -3*g - 7 = -28. Let k(r) = r**3 - 8*r**2 + 10*r - 7. Let w be k(g). Suppose -n = -2*u + 11, -3*n - w + 1 = -u. What is the units digit of u?
4
Suppose 0*r + b + 24 = r, 4*r = -3*b + 68. What is the units digit of r?
0
Let w(o) = -1 + 0*o + 0 - 6 + 7*o**2 - 2*o + o**3. Let r(j) = -j**3 - 6*j**2 + 7*j - 7. Let i be r(-7). What is the units digit of w(i)?
7
Let z(o) be the third derivative of o**5/5 + o**4/24 + o**3/6 - 2*o**2. Let w be z(-1). What is the units digit of ((-3)/(-6))/(1/w)?
6
Let c = -3 - -17. What is the tens digit of 10 + (-7)/(c/(-4))?
1
Suppose u = 12 + 59. Suppose 0*t = -2*g + t + 26, -5*g = -4*t - u. What is the tens digit of g?
1
Let j(t) = 2*t**2 - 6*t + 25. What is the units digit of j(6)?
1
Let k(i) = -19*i**3 + 5*i**2 + 5*i + 4. What is the tens digit of k(-2)?
6
Suppose -8*h = -10*h + 276. What is the tens digit of h?
3
Suppose 0 = o - 79 - 21. What is the units digit of o?
0
Let q(b) = -b**3 + b**2 - b - 1. Let k(d) = -2*d**3 + 9*d**2 - 3*d - 1. Let g(r) = k(r) - 3*q(r). What is the units digit of g(-6)?
2
Let o be 2 + 5 + 0 + 0. Let g = o + 0. Suppose 4*l - g = 21. What is the units digit of l?
7
Let j(d) = 3*d - 1. Let x be j(2). Suppose 20 = 5*l, 2*l - 54 = -x*k - 21. Suppose 5*t - t + k*r - 14 = 0, -4*t + r = -26. What is the units digit of t?
6
Let z = 74 - 29. What is the tens digit of z?
4
Suppose 0 = -4*s + 18 + 2. Suppose -4*k - 36 = -s*y, -k = 3*y + 4*k + 8. What is the units digit of y?
4
Let k(r) = 20 - 5*r + r + 3*r - 6. What is the units digit of k(8)?
6
Suppose -4*d + 4 = 0, -4*j + 3*d - 7*d + 416 = 0. What is the tens digit of j?
0
Let y(l) = -10*l**3 - l - 1. What is the units digit of y(-1)?
0
Let m(p) = -p**3 - 4*p**2 - 6*p - 8. What is the units digit of m(-6)?
0
Suppose -3*y = -y - 3*c - 57, -y = -3*c - 30. What is the units digit of y?
7
Let u be 6 + -9 + 45*1. Suppose s + u = 3*s. What is the units digit of s?
1
Suppose 25 = 5*f - 5*i, 5*i = 8*f - 4*f - 19. Suppose 0 = 5*d - 4*x - 25, f*d + 5 = d - 2*x. Let b = d - -7. What is the units digit of b?
8
Suppose -3*u + 4 = u. What is the units digit of u?
1
Let t be (-1 + 2)/(3/87). Let c(n) = 3*n - 2*n - 10 + t. What is the units digit of c(0)?
9
Suppose -372 = 8*k - 11*k. What is the hundreds digit of k?
1
Suppose -6*y + 12 = -2*y. Let r(t) = -5*t + 4 - t**2 - 5*t**2 + 0*t**y - t**3. What is the units digit of r(-5)?
4
Let i = -355 - -511. What is the hundreds digit of i?
1
Let l(y) = -5*y**3 + 13*y**2 + 10. Let b(d) = 2*d**3 - 4*d**2 - 3. Let c(a) = -8*b(a) - 3*l(a). What is the tens digit of c(-8)?
5
Suppose 16 = -4*i, 4*g - 44 + 4 = -4*i. Suppose 0 = s + 3*s - 16, -3*d + 5*s = g. Suppose -8 - 4 = -d*y. What is the units digit of y?
6
Let n = -5 - -5. Let z(x) = 8 - 2*x**3 - x**2 + 4*x**3 + n*x**2 - 3*x**3. What is the units digit of z(0)?
8
Let i be -35 + (4 - 2)*-1. Let l = i + 54. What is the tens digit of l?
1
Let q = -72 - -120. Let d = q + -26. What is the units digit of d?
2
Let p = -372 + 748. What is the hundreds digit of p?
3
Let q(d) be the first derivative of d**5/60 + 3*d**4/8 - 3*d**3/2 - d**2/2 + 1. Let f(t) be the second derivative of q(t). What is the tens digit of f(-11)?
1
Let m = -8 + 11. Suppose m*b = 4*w - 85, 4*w + 4*b = b + 67. What is the units digit of w?
9
Suppose -2*d + 15 + 9 = 0. What is the units digit of d?
2
Let j be 3 - (-3)/(-1) - -2. Suppose -j*o + o = -19. What is the units digit of o?
9
Let s = -24 - -1. Let l = s + 43. What is the tens digit of l?
2
Let v be (-4)/3 - 4/(-12). Let k = 6 - v. What is the units digit of k?
7
Let a(r) = r**2 - r - 1. Let g be a(-2). Let u = g - 2. What is the units digit of u?
3
Let c(g) = -g**2 + 6*g - 3. Let u be c(5). Suppose u*o + 34 = 2*t, 5*o = -3*t + 3*o + 26. What is the tens digit of t?
1
Suppose -5*d - 20 = -4*b - 2*d, 5*d = b - 5. Suppose 5*w + 4*t - 2*t - 100 = 0, -3*w = b*t - 41. Let j = w + -13. What is the units digit of j?
9
Let m(h) = -h**3 + 7*h**2 - 7*h + 5. Suppose 0*l + 12 = 2*l. Let v be m(l). Let r(n) = -4*n**3 + 2*n + 1. What is the units digit of r(v)?
3
Suppose c - 6*c - 5*x = -20, -3*x - 9 = -4*c. Suppose 4*o + 42 = 2*m, -3*m = -5*m - c*o + 14. What is the units digit of m?
3
Let v(s) = -s**3 + 4*s**2 + 2. What is the units digit of v(-3)?
5
Suppose 103 = -6*c + c - 4*r, c - 2*r = -15. Let y = 1 - c. What is the units digit of y?
0
Let v(m) = 50*m**2 - m - 1. What is the tens digit of v(-1)?
5
Let k(n) = -n**3 + 2*n**2 + 2*n + 3. Let s be k(-2). Let p be s - (0 + -1 - -2). Suppose j - 3*y + 10 = -0*j, 0 = j - 4*y + p. What is the units digit of j?
2
Suppose 5*f - 63 = 3*c, 4*f = c + 16 - 2. Let t = -16 - c. What is the tens digit of t?
1
Suppose 0 = r - 49 - 27. Suppose r = 5*f - 29. What is the units digit of f?
1
What is the units digit of (1 + -1 - (-4 + -114)) + -3?
5
Let u(k) = -3*k + 139. What is the units digit of u(0)?
9
Suppose a = 3 - 0. Let n be -3*2*2/12. Let l = a + n. What is the units digit of l?
2
Suppose 0 = 4*b + 2*g - 6, -5*b + 